{"id":11,"date":"2015-12-30T17:41:41","date_gmt":"2015-12-30T15:41:41","guid":{"rendered":"http:\/\/localhost\/istac\/?page_id=11"},"modified":"2016-03-21T03:06:53","modified_gmt":"2016-03-21T01:06:53","slug":"haberler","status":"publish","type":"page","link":"https:\/\/istac.org.tr\/tr\/haberler\/","title":{"rendered":"Haberler"},"content":{"rendered":"<ul class=\"lcp_catlist\" id=\"lcp_instance_0\"><li><a href=\"https:\/\/istac.org.tr\/tr\/genel-sekreterimiz-av-yasin-ekmen-bir-uyusmazlik-cozum-mekanizmasinin-otesinde-tahkimin-ekonomik-etkisi-baslikli-sunum-gerceklestirmistir\/\">Genel Sekreterimiz Av. Yasin Ekmen I. Uluslararas\u0131 Tahkim Hukuku Sempozyumu&#8217;nda Konu\u015fmac\u0131 Olarak Yer Ald\u0131<\/a>  20 Nisan 2026<\/li><li><a href=\"https:\/\/istac.org.tr\/tr\/genel-sekreterimiz-av-yasin-ekmenin-paris-tahkim-haftasi-kapsaminda-duzenlenen-architects-of-arbitration-round-table-discussion-with-arbitral-institutions-baslikli-paneld\/\">Genel Sekreterimiz Av. Yasin Ekmen\u2019in, Paris Tahkim Haftas\u0131 Kapsam\u0131nda D\u00fczenlenen \u201cArchitects of Arbitration: Round Table Discussion with Arbitral Institutions\u201d Ba\u015fl\u0131kl\u0131 Panelde Konu\u015fmac\u0131 Olarak Yer Ald\u0131<\/a>  2 Nisan 2026<\/li><li><a href=\"https:\/\/istac.org.tr\/tr\/baskanimiz-prof-dr-ziya-akincinin-paris-tahkim-haftasi-kapsaminda-le-meuricete-konusmaci-olarak-yer-aldi\/\">Ba\u015fkan\u0131m\u0131z Prof. Dr. Ziya Ak\u0131nc\u0131\u2019n\u0131n, Paris Tahkim Haftas\u0131 Kapsam\u0131nda Le Meurice\u2019te Konu\u015fmac\u0131 Olarak Yer Ald\u0131<\/a>  2 Nisan 2026<\/li><li><a href=\"https:\/\/istac.org.tr\/tr\/jus-mundi-institutions-symposium-the-asia-middle-east-arbitration-corridor-baslikli-panel-duzenlendi\/\">Paris Tahkim Haftas\u0131 Kapsam\u0131nda \u201cJus Mundi Institutions Symposium: The Asia-Middle East Arbitration Corridor\u201d Ba\u015fl\u0131kl\u0131 Panel D\u00fczenlendi<\/a>  1 Nisan 2026<\/li><li><a href=\"https:\/\/istac.org.tr\/tr\/paris-tahkim-haftasinda-uluslararasi-insaat-tahkiminde-yeni-egilimler-etkinligimiz-tamamlandi\/\">Paris Tahkim Haftas\u0131&#8217;nda \u201cUluslararas\u0131 \u0130n\u015faat Tahkiminde Yeni E\u011filimler\u201d Etkinli\u011fimiz Tamamland\u0131<\/a>  26 Mart 2026<\/li><\/ul><ul class='lcp_paginator'><li class='lcp_currentpage'>1<\/li><li><a href='https:\/\/istac.org.tr\/tr\/wp-json\/wp\/v2\/pages\/11\/?lcp_page0=2#lcp_instance_0' title='2'>2<\/a><\/li><li><a href='https:\/\/istac.org.tr\/tr\/wp-json\/wp\/v2\/pages\/11\/?lcp_page0=3#lcp_instance_0' title='3'>3<\/a><\/li><li><a href='https:\/\/istac.org.tr\/tr\/wp-json\/wp\/v2\/pages\/11\/?lcp_page0=4#lcp_instance_0' title='4'>4<\/a><\/li><li><a href='https:\/\/istac.org.tr\/tr\/wp-json\/wp\/v2\/pages\/11\/?lcp_page0=5#lcp_instance_0' title='5'>5<\/a><\/li><li><a href='https:\/\/istac.org.tr\/tr\/wp-json\/wp\/v2\/pages\/11\/?lcp_page0=6#lcp_instance_0' title='6'>6<\/a><\/li><span class='lcp_elipsis'>...<\/span><li><a href='https:\/\/istac.org.tr\/tr\/wp-json\/wp\/v2\/pages\/11\/?lcp_page0=73#lcp_instance_0' title='73'>73<\/a><\/li><li><a href='https:\/\/istac.org.tr\/tr\/wp-json\/wp\/v2\/pages\/11\/?lcp_page0=2#lcp_instance_0' title='2' class='lcp_nextlink'>>><\/a><\/li><\/ul>\n","protected":false},"excerpt":{"rendered":"","protected":false},"author":1,"featured_media":0,"parent":0,"menu_order":0,"comment_status":"closed","ping_status":"closed","template":"","meta":[],"acf":[],"post_mailing_queue_ids":[],"_links":{"self":[{"href":"https:\/\/istac.org.tr\/tr\/wp-json\/wp\/v2\/pages\/11\/"}],"collection":[{"href":"https:\/\/istac.org.tr\/tr\/wp-json\/wp\/v2\/pages\/"}],"about":[{"href":"https:\/\/istac.org.tr\/tr\/wp-json\/wp\/v2\/types\/page\/"}],"author":[{"embeddable":true,"href":"https:\/\/istac.org.tr\/tr\/wp-json\/wp\/v2\/users\/1\/"}],"replies":[{"embeddable":true,"href":"https:\/\/istac.org.tr\/tr\/wp-json\/wp\/v2\/comments\/?post=11"}],"version-history":[{"count":4,"href":"https:\/\/istac.org.tr\/tr\/wp-json\/wp\/v2\/pages\/11\/revisions\/"}],"predecessor-version":[{"id":1772,"href":"https:\/\/istac.org.tr\/tr\/wp-json\/wp\/v2\/pages\/11\/revisions\/1772\/"}],"wp:attachment":[{"href":"https:\/\/istac.org.tr\/tr\/wp-json\/wp\/v2\/media\/?parent=11"}],"curies":[{"name":"wp","href":"https:\/\/api.w.org\/{rel}","templated":true}]}}

<ul class="lcp_catlist" id="lcp_instance_0"><li><a href="https://istac.org.tr/tr/genel-sekreterimiz-av-yasin-ekmen-bir-uyusmazlik-cozum-mekanizmasinin-otesinde-tahkimin-ekonomik-etkisi-baslikli-sunum-gerceklestirmistir/">Genel Sekreterimiz Av. Yasin Ekmen I. Uluslararası Tahkim Hukuku Sempozyumu&#8217;nda Konuşmacı Olarak Yer Aldı</a>  20 Nisan 2026</li><li><a href="https://istac.org.tr/tr/genel-sekreterimiz-av-yasin-ekmenin-paris-tahkim-haftasi-kapsaminda-duzenlenen-architects-of-arbitration-round-table-discussion-with-arbitral-institutions-baslikli-paneld/">Genel Sekreterimiz Av. Yasin Ekmen’in, Paris Tahkim Haftası Kapsamında Düzenlenen “Architects of Arbitration: Round Table Discussion with Arbitral Institutions” Başlıklı Panelde Konuşmacı Olarak Yer Aldı</a>  2 Nisan 2026</li><li><a href="https://istac.org.tr/tr/baskanimiz-prof-dr-ziya-akincinin-paris-tahkim-haftasi-kapsaminda-le-meuricete-konusmaci-olarak-yer-aldi/">Başkanımız Prof. Dr. Ziya Akıncı’nın, Paris Tahkim Haftası Kapsamında Le Meurice’te Konuşmacı Olarak Yer Aldı</a>  2 Nisan 2026</li><li><a href="https://istac.org.tr/tr/jus-mundi-institutions-symposium-the-asia-middle-east-arbitration-corridor-baslikli-panel-duzenlendi/">Paris Tahkim Haftası Kapsamında “Jus Mundi Institutions Symposium: The Asia-Middle East Arbitration Corridor” Başlıklı Panel Düzenlendi</a>  1 Nisan 2026</li><li><a href="https://istac.org.tr/tr/paris-tahkim-haftasinda-uluslararasi-insaat-tahkiminde-yeni-egilimler-etkinligimiz-tamamlandi/">Paris Tahkim Haftası&#8217;nda “Uluslararası İnşaat Tahkiminde Yeni Eğilimler” Etkinliğimiz Tamamlandı</a>  26 Mart 2026</li></ul><ul class='lcp_paginator'><li class='lcp_currentpage'>1</li><li><a href='https://istac.org.tr/tr/wp-json/wp/v2/pages/11/?lcp_page0=2#lcp_instance_0' title='2'>2</a></li><li><a href='https://istac.org.tr/tr/wp-json/wp/v2/pages/11/?lcp_page0=3#lcp_instance_0' title='3'>3</a></li><li><a href='https://istac.org.tr/tr/wp-json/wp/v2/pages/11/?lcp_page0=4#lcp_instance_0' title='4'>4</a></li><li><a href='https://istac.org.tr/tr/wp-json/wp/v2/pages/11/?lcp_page0=5#lcp_instance_0' title='5'>5</a></li><li><a href='https://istac.org.tr/tr/wp-json/wp/v2/pages/11/?lcp_page0=6#lcp_instance_0' title='6'>6</a></li><span class='lcp_elipsis'>...</span><li><a href='https://istac.org.tr/tr/wp-json/wp/v2/pages/11/?lcp_page0=73#lcp_instance_0' title='73'>73</a></li><li><a href='https://istac.org.tr/tr/wp-json/wp/v2/pages/11/?lcp_page0=2#lcp_instance_0' title='2' class='lcp_nextlink'>>></a></li></ul>
